{"id":81,"date":"2024-04-17T09:57:17","date_gmt":"2024-04-17T09:57:17","guid":{"rendered":"https:\/\/apartamentocoimbra.pt\/?page_id=81"},"modified":"2024-05-06T16:06:25","modified_gmt":"2024-05-06T16:06:25","slug":"contatos","status":"publish","type":"page","link":"https:\/\/apartamentocoimbra.pt\/?page_id=81","title":{"rendered":"Contatos"},"content":{"rendered":"\n<p>Estamos aqui para ouvir e responder \u00e0s suas perguntas, coment\u00e1rios e preocupa\u00e7\u00f5es. Se precisar de entrar em contato connosco, n\u00e3o hesite em utilizar os seguintes m\u00e9todos:<\/p>\n\n\n\n<ul class=\"wp-block-list\">\n<li><strong>Email:<\/strong> reservas@apartamentocoimbra.pt<\/li>\n\n\n\n<li><strong>Telefone: <\/strong>+351 96 81 72 894<\/li>\n\n\n\n<li>Morada: Estrada de Coselhas, Lote 21\/22, 2\u00baEsq. 3000-125 Coimbra<\/li>\n<\/ul>\n\n\n\n<p class=\"has-text-align-left has-black-color has-electric-grass-gradient-background has-text-color has-background has-link-color wp-elements-cfc586879e987966a620ef57ef45ea49\"><strong>Aguardamos o seu contacto e teremos todo o gosto em ajudar!<\/strong><br><strong>FORMUL\u00c1RIO DE CONTATO<\/strong><\/p>\n\n\n\n<div class=\"wp-block-contact-form-7-contact-form-selector\">\n<div class=\"wpcf7 no-js\" id=\"wpcf7-f4-o1\" lang=\"pt-PT\" dir=\"ltr\">\n<div class=\"screen-reader-response\"><p role=\"status\" aria-live=\"polite\" aria-atomic=\"true\"><\/p> <ul><\/ul><\/div>\n<form action=\"\/index.php?rest_route=%2Fwp%2Fv2%2Fpages%2F81#wpcf7-f4-o1\" method=\"post\" class=\"wpcf7-form init\" aria-label=\"Formul\u00e1rio de contacto\" novalidate=\"novalidate\" data-status=\"init\">\n<div style=\"display: none;\">\n<input type=\"hidden\" name=\"_wpcf7\" value=\"4\" \/>\n<input type=\"hidden\" name=\"_wpcf7_version\" value=\"5.9.4\" \/>\n<input type=\"hidden\" name=\"_wpcf7_locale\" value=\"pt_PT\" \/>\n<input type=\"hidden\" name=\"_wpcf7_unit_tag\" value=\"wpcf7-f4-o1\" \/>\n<input type=\"hidden\" name=\"_wpcf7_container_post\" value=\"0\" \/>\n<input type=\"hidden\" name=\"_wpcf7_posted_data_hash\" value=\"\" \/>\n<\/div>\n<p><label> Nome<br \/>\n<span class=\"wpcf7-form-control-wrap\" data-name=\"your-name\"><input size=\"40\" class=\"wpcf7-form-control wpcf7-text wpcf7-validates-as-required\" autocomplete=\"name\" aria-required=\"true\" aria-invalid=\"false\" value=\"\" type=\"text\" name=\"your-name\" \/><\/span> <\/label>\n<\/p>\n<p><label> Email<br \/>\n<span class=\"wpcf7-form-control-wrap\" data-name=\"your-email\"><input size=\"40\" class=\"wpcf7-form-control wpcf7-email wpcf7-validates-as-required wpcf7-text wpcf7-validates-as-email\" autocomplete=\"email\" aria-required=\"true\" aria-invalid=\"false\" value=\"\" type=\"email\" name=\"your-email\" \/><\/span> <\/label>\n<\/p>\n<p><label> Telefone<br \/>\n<span class=\"wpcf7-form-control-wrap\" data-name=\"telefone\"><input size=\"40\" class=\"wpcf7-form-control wpcf7-tel wpcf7-validates-as-required wpcf7-text wpcf7-validates-as-tel\" autocomplete=\"telefone\" aria-required=\"true\" aria-invalid=\"false\" value=\"\" type=\"tel\" name=\"telefone\" \/><\/span><\/label>\n<\/p>\n<p><label> Assunto<br \/>\n<span class=\"wpcf7-form-control-wrap\" data-name=\"your-subject\"><input size=\"40\" class=\"wpcf7-form-control wpcf7-text wpcf7-validates-as-required\" aria-required=\"true\" aria-invalid=\"false\" value=\"\" type=\"text\" name=\"your-subject\" \/><\/span> <\/label>\n<\/p>\n<p><label> A sua mensagem<br \/>\n<span class=\"wpcf7-form-control-wrap\" data-name=\"your-message\"><textarea cols=\"40\" rows=\"10\" class=\"wpcf7-form-control wpcf7-textarea\" aria-invalid=\"false\" name=\"your-message\"><\/textarea><\/span> <\/label>\n<\/p>\n<p><input class=\"wpcf7-form-control wpcf7-submit has-spinner\" type=\"submit\" value=\"Enviar\" \/>\n<\/p><div class=\"wpcf7-response-output\" aria-hidden=\"true\"><\/div>\n<\/form>\n<\/div>\n<\/div>\n","protected":false},"excerpt":{"rendered":"<p>Estamos aqui para ouvir e responder \u00e0s suas perguntas, coment\u00e1rios e preocupa\u00e7\u00f5es. Se precisar de entrar em contato connosco, n\u00e3o hesite em utilizar os seguintes m\u00e9todos: Aguardamos o seu contacto e teremos todo o gosto em ajudar!FORMUL\u00c1RIO DE CONTATO<\/p>\n","protected":false},"author":1,"featured_media":0,"parent":0,"menu_order":0,"comment_status":"closed","ping_status":"closed","template":"","meta":{"footnotes":""},"class_list":["post-81","page","type-page","status-publish","hentry"],"yoast_head":"<!-- This site is optimized with the Yoast SEO plugin v22.6 - https:\/\/yoast.com\/wordpress\/plugins\/seo\/ -->\n<title>Contatos - Apartamento Coimbra - Alojamento Local<\/title>\n<meta name=\"description\" content=\"Contatos do Alojamento Local em Coimbra. Envie-nos email ou ligue para o contacto m\u00f3vel atrav\u00e9s dispon\u00edvel,\" \/>\n<meta name=\"robots\" content=\"index, follow, max-snippet:-1, max-image-preview:large, max-video-preview:-1\" \/>\n<link rel=\"canonical\" href=\"https:\/\/apartamentocoimbra.pt\/?page_id=81\" \/>\n<meta property=\"og:locale\" content=\"pt_PT\" \/>\n<meta property=\"og:type\" content=\"article\" \/>\n<meta property=\"og:title\" content=\"Contatos - Apartamento Coimbra - Alojamento Local\" \/>\n<meta property=\"og:description\" content=\"Contatos do Alojamento Local em Coimbra. Envie-nos email ou ligue para o contacto m\u00f3vel atrav\u00e9s dispon\u00edvel,\" \/>\n<meta property=\"og:url\" content=\"https:\/\/apartamentocoimbra.pt\/?page_id=81\" \/>\n<meta property=\"og:site_name\" content=\"Apartamento Coimbra - Alojamento Local\" \/>\n<meta property=\"article:modified_time\" content=\"2024-05-06T16:06:25+00:00\" \/>\n<meta name=\"twitter:card\" content=\"summary_large_image\" \/>\n<meta name=\"twitter:label1\" content=\"Tempo estimado de leitura\" \/>\n\t<meta name=\"twitter:data1\" content=\"1 minuto\" \/>\n<script type=\"application\/ld+json\" class=\"yoast-schema-graph\">{\"@context\":\"https:\/\/schema.org\",\"@graph\":[{\"@type\":\"WebPage\",\"@id\":\"https:\/\/apartamentocoimbra.pt\/?page_id=81\",\"url\":\"https:\/\/apartamentocoimbra.pt\/?page_id=81\",\"name\":\"Contatos - Apartamento Coimbra - Alojamento Local\",\"isPartOf\":{\"@id\":\"https:\/\/apartamentocoimbra.pt\/#website\"},\"datePublished\":\"2024-04-17T09:57:17+00:00\",\"dateModified\":\"2024-05-06T16:06:25+00:00\",\"description\":\"Contatos do Alojamento Local em Coimbra. Envie-nos email ou ligue para o contacto m\u00f3vel atrav\u00e9s dispon\u00edvel,\",\"breadcrumb\":{\"@id\":\"https:\/\/apartamentocoimbra.pt\/?page_id=81#breadcrumb\"},\"inLanguage\":\"pt-PT\",\"potentialAction\":[{\"@type\":\"ReadAction\",\"target\":[\"https:\/\/apartamentocoimbra.pt\/?page_id=81\"]}]},{\"@type\":\"BreadcrumbList\",\"@id\":\"https:\/\/apartamentocoimbra.pt\/?page_id=81#breadcrumb\",\"itemListElement\":[{\"@type\":\"ListItem\",\"position\":1,\"name\":\"In\u00edcio\",\"item\":\"https:\/\/apartamentocoimbra.pt\/\"},{\"@type\":\"ListItem\",\"position\":2,\"name\":\"Contato Alojamento Local Coimbra\"}]},{\"@type\":\"WebSite\",\"@id\":\"https:\/\/apartamentocoimbra.pt\/#website\",\"url\":\"https:\/\/apartamentocoimbra.pt\/\",\"name\":\"Apartamento Coimbra - Alojamento Local\",\"description\":\"Alojamento Local em Coimbra\",\"publisher\":{\"@id\":\"https:\/\/apartamentocoimbra.pt\/#organization\"},\"potentialAction\":[{\"@type\":\"SearchAction\",\"target\":{\"@type\":\"EntryPoint\",\"urlTemplate\":\"https:\/\/apartamentocoimbra.pt\/?s={search_term_string}\"},\"query-input\":\"required name=search_term_string\"}],\"inLanguage\":\"pt-PT\"},{\"@type\":\"Organization\",\"@id\":\"https:\/\/apartamentocoimbra.pt\/#organization\",\"name\":\"Apartamento Coimbra - Alojamento Local\",\"url\":\"https:\/\/apartamentocoimbra.pt\/\",\"logo\":{\"@type\":\"ImageObject\",\"inLanguage\":\"pt-PT\",\"@id\":\"https:\/\/apartamentocoimbra.pt\/#\/schema\/logo\/image\/\",\"url\":\"https:\/\/apartamentocoimbra.pt\/wp-content\/uploads\/2024\/04\/AL-EC-01.jpg\",\"contentUrl\":\"https:\/\/apartamentocoimbra.pt\/wp-content\/uploads\/2024\/04\/AL-EC-01.jpg\",\"width\":625,\"height\":625,\"caption\":\"Apartamento Coimbra - Alojamento Local\"},\"image\":{\"@id\":\"https:\/\/apartamentocoimbra.pt\/#\/schema\/logo\/image\/\"}}]}<\/script>\n<!-- \/ Yoast SEO plugin. -->","yoast_head_json":{"title":"Contatos - Apartamento Coimbra - Alojamento Local","description":"Contatos do Alojamento Local em Coimbra. Envie-nos email ou ligue para o contacto m\u00f3vel atrav\u00e9s dispon\u00edvel,","robots":{"index":"index","follow":"follow","max-snippet":"max-snippet:-1","max-image-preview":"max-image-preview:large","max-video-preview":"max-video-preview:-1"},"canonical":"https:\/\/apartamentocoimbra.pt\/?page_id=81","og_locale":"pt_PT","og_type":"article","og_title":"Contatos - Apartamento Coimbra - Alojamento Local","og_description":"Contatos do Alojamento Local em Coimbra. Envie-nos email ou ligue para o contacto m\u00f3vel atrav\u00e9s dispon\u00edvel,","og_url":"https:\/\/apartamentocoimbra.pt\/?page_id=81","og_site_name":"Apartamento Coimbra - Alojamento Local","article_modified_time":"2024-05-06T16:06:25+00:00","twitter_card":"summary_large_image","twitter_misc":{"Tempo estimado de leitura":"1 minuto"},"schema":{"@context":"https:\/\/schema.org","@graph":[{"@type":"WebPage","@id":"https:\/\/apartamentocoimbra.pt\/?page_id=81","url":"https:\/\/apartamentocoimbra.pt\/?page_id=81","name":"Contatos - Apartamento Coimbra - Alojamento Local","isPartOf":{"@id":"https:\/\/apartamentocoimbra.pt\/#website"},"datePublished":"2024-04-17T09:57:17+00:00","dateModified":"2024-05-06T16:06:25+00:00","description":"Contatos do Alojamento Local em Coimbra. Envie-nos email ou ligue para o contacto m\u00f3vel atrav\u00e9s dispon\u00edvel,","breadcrumb":{"@id":"https:\/\/apartamentocoimbra.pt\/?page_id=81#breadcrumb"},"inLanguage":"pt-PT","potentialAction":[{"@type":"ReadAction","target":["https:\/\/apartamentocoimbra.pt\/?page_id=81"]}]},{"@type":"BreadcrumbList","@id":"https:\/\/apartamentocoimbra.pt\/?page_id=81#breadcrumb","itemListElement":[{"@type":"ListItem","position":1,"name":"In\u00edcio","item":"https:\/\/apartamentocoimbra.pt\/"},{"@type":"ListItem","position":2,"name":"Contato Alojamento Local Coimbra"}]},{"@type":"WebSite","@id":"https:\/\/apartamentocoimbra.pt\/#website","url":"https:\/\/apartamentocoimbra.pt\/","name":"Apartamento Coimbra - Alojamento Local","description":"Alojamento Local em Coimbra","publisher":{"@id":"https:\/\/apartamentocoimbra.pt\/#organization"},"potentialAction":[{"@type":"SearchAction","target":{"@type":"EntryPoint","urlTemplate":"https:\/\/apartamentocoimbra.pt\/?s={search_term_string}"},"query-input":"required name=search_term_string"}],"inLanguage":"pt-PT"},{"@type":"Organization","@id":"https:\/\/apartamentocoimbra.pt\/#organization","name":"Apartamento Coimbra - Alojamento Local","url":"https:\/\/apartamentocoimbra.pt\/","logo":{"@type":"ImageObject","inLanguage":"pt-PT","@id":"https:\/\/apartamentocoimbra.pt\/#\/schema\/logo\/image\/","url":"https:\/\/apartamentocoimbra.pt\/wp-content\/uploads\/2024\/04\/AL-EC-01.jpg","contentUrl":"https:\/\/apartamentocoimbra.pt\/wp-content\/uploads\/2024\/04\/AL-EC-01.jpg","width":625,"height":625,"caption":"Apartamento Coimbra - Alojamento Local"},"image":{"@id":"https:\/\/apartamentocoimbra.pt\/#\/schema\/logo\/image\/"}}]}},"_links":{"self":[{"href":"https:\/\/apartamentocoimbra.pt\/index.php?rest_route=\/wp\/v2\/pages\/81","targetHints":{"allow":["GET"]}}],"collection":[{"href":"https:\/\/apartamentocoimbra.pt\/index.php?rest_route=\/wp\/v2\/pages"}],"about":[{"href":"https:\/\/apartamentocoimbra.pt\/index.php?rest_route=\/wp\/v2\/types\/page"}],"author":[{"embeddable":true,"href":"https:\/\/apartamentocoimbra.pt\/index.php?rest_route=\/wp\/v2\/users\/1"}],"replies":[{"embeddable":true,"href":"https:\/\/apartamentocoimbra.pt\/index.php?rest_route=%2Fwp%2Fv2%2Fcomments&post=81"}],"version-history":[{"count":8,"href":"https:\/\/apartamentocoimbra.pt\/index.php?rest_route=\/wp\/v2\/pages\/81\/revisions"}],"predecessor-version":[{"id":136,"href":"https:\/\/apartamentocoimbra.pt\/index.php?rest_route=\/wp\/v2\/pages\/81\/revisions\/136"}],"wp:attachment":[{"href":"https:\/\/apartamentocoimbra.pt\/index.php?rest_route=%2Fwp%2Fv2%2Fmedia&parent=81"}],"curies":[{"name":"wp","href":"https:\/\/api.w.org\/{rel}","templated":true}]}}